0202
What is -413c (base 14) in base 9?
-16353
Convert 3303512 (base 6) to base 3.
22100010222
What is -22321210 (base 5) in base 14?
-523a9
What is -3db2cb (base 14) in base 6?
-113540123
Convert -218247 (base 9) to base 5.
-13140241
-587a1a (base 14) to base 6
-144402320
What is 33002121 (base 5) in base 2?
1000100101111000000
What is -43442242 (base 5) in base 6?
-12010413
2120220233 (base 4) to base 9
1152545
Convert -614001 (base 7) to base 9.
-168450
What is -221515 (base 7) in base 14?
-1030c
Convert -1d4e1 (base 16) to base 12.
-59569
What is -10203023331 (base 4) in base 6?
-41321433
What is 51302 (base 15) in base 8?
766231
Convert e86524 (base 16) to base 3.
1001122202222010
What is -401451013 (base 6) in base 5?
-3220143204
Convert -1c667 (base 15) to base 11.
-63607
-433634 (base 7) to base 13
-28652
What is 102222222210111 (base 3) in base 6?
344403451
What is 1a44409 (base 12) in base 7?
65204514
-120242330 (base 5) to base 9
-1036568
Convert 16a1a8 (base 14) to base 15.
10ad39
110149a (base 11) to base 2
111011000010011001000
What is -1140210104 (base 5) in base 14?
-4d4774
-154439 (base 10) to base 11
-a603a
Convert 518511 (base 9) to base 14.
8039b
Convert 754491 (base 10) to base 15.
ed846
-1119650 (base 11) to base 10
-1960013
What is 44aba (base 12) in base 16?
1652e
Convert 4ab30 (base 15) to base 3.
110010112100
Convert 26507332 (base 8) to base 5.
3004403220
What is -20329 (base 11) in base 14?
-ab5a
78688 (base 11) to base 13
3cb3c
Convert 2065341 (base 8) to base 7.
4455210
What is -1010233 (base 6) in base 11?
-33108
Convert 1100111000011101111 (base 2) to base 11.
269172
What is 21221102012 (base 3) in base 13?
561b9
72e3d9 (base 15) to base 12
19b6750
464721 (base 8) to base 7
1226053
2179035 (base 11) to base 6
213503021
Convert -12418568 (base 9) to base 6.
-334345055
What is 143240402 (base 5) in base 4?
2321101010
What is 22121133000 (base 4) in base 9?
5114113
-10235321 (base 6) to base 14
-7b77b
What is 3b3cf (base 16) in base 4?
323033033
-2111232332 (base 4) to base 12
-256b12
Convert 14421301 (base 5) to base 12.
75554
521795 (base 11) to base 8
3142323
Convert -1101101110001111001 (base 2) to base 10.
-449657
Convert -2687878 (base 10) to base 9.
-5046061
Convert -71775 (base 11) to base 7.
-614246
Convert -5675611 (base 9) to base 6.
-145341531
-331310044 (base 6) to base 8
-26545014
What is 36321221 (base 7) in base 13?
89225c
What is -2302210123 (base 4) in base 9?
-1334277
What is 75878 (base 13) in base 8?
636613
Convert 20210002200 (base 3) to base 8.
404547
What is -24765117 (base 8) in base 5?
-2401440341
Convert -10222210221102 (base 3) to base 8.
-10060534
What is -3407a79 (base 11) in base 12?
-1bba6a4
-102311003 (base 4) to base 8
-226503
What is c175 (base 14) in base 15?
9ca2
What is -4319863 (base 10) in base 8?
-20365167
What is 100100300 (base 4) in base 2?
10000010000110000
10011001001011110 (base 2) to base 9
128524
What is 1432712 (base 9) in base 14?
167948
Convert -828598 (base 10) to base 4.
-3022102312
Convert 211111100100200 (base 3) to base 5.
11030020103
-6d209 (base 15) to base 4
-1110332310
What is -11063050 (base 7) in base 9?
-1717257
-111102211212 (base 3) to base 13
-93524
What is -10642 (base 7) in base 13?
-1318
42233300 (base 5) to base 14
92581
-131288 (base 9) to base 4
-103131113
What is 122102201 (base 3) in base 15?
3b74
What is b572ab (base 12) in base 15?
3b5682
9c547 (base 13) to base 16
4569d
What is 2ba300 (base 12) in base 15?
ea44c
Convert -6153666 (base 7) to base 11.
-463031
What is 2403704 (base 10) in base 12?
97b048
What is 13211233 (base 7) in base 4?
10220020222
1139777 (base 10) to base 15
177aa2
Convert 504256 (base 8) to base 6.
3320450
Convert da43 (base 15) to base 5.
2434223
15440044 (base 6) to base 14
1043a4
What is c87a1 (base 13) in base 3?
200101001102
-65aa3 (base 12) to base 13
-49374
-15444413 (base 6) to base 16
-86679
-1003113031 (base 4) to base 10
-275917
Convert 11445133 (base 8) to base 5.
1120300103
-100011001001110001101011 (base 2) to base 14
-131c3a3
253011042 (base 6) to base 14
917c1c
Convert 1449d15 (base 15) to base 8.
67740411
What is 100001001010011001110 (base 2) in base 3?
2001012122001
-313343 (base 8) to base 9
-167786
What is 100222211210211 (base 3) in base 2?
10100010000101101111010
Convert -98011 (base 11) to base 16.
-22c5d
23065213 (base 8) to base 5
2240224021
What is 254395 (base 11) in base 2?
1100001111011001010
-54a77e (base 15) to base 16
-3d9103
What is -110111011110010011011 (base 2) in base 15?
-25d8da
What is -d9b1 (base 14) in base 8?
-111327
What is 47402 (base 13) in base 2?
11111110011111101
Convert 31575767 (base 9) to base 15.
150b52d
Convert -14340021 (base 5) to base 11.
-a4647
25655 (base 16) to base 6
3141045
Convert -43301430 (base 5) to base 4.
-1122011132
-102322314 (base 6) to base 11
-1019a07
What is -110223111310 (base 4) in base 8?
-24532564
210012112220 (base 3) to base 10
417390
15ab658 (base 13) to base 10
6994138
What is b97d8c (base 14) in base 12?
2130488
What is 3413132 (base 5) in base 2?
1110110000000001
103042511 (base 6) to base 5
431403022
Convert -3013454 (base 6) to base 8.
-425412
Convert 33103030 (base 5) to base 15.
59595
4453351 (base 6) to base 3
102102122011
-575817 (base 12) to base 5
-324232443
-d52c (base 14) to base 13
-13916
Convert -9de2e (base 15) to base 13.
-147a6a
What is -544a46 (base 15) in base 9?
-7488723
64005515 (base 7) to base 4
110221233002
ce140 (base 15) to base 16
9febb
-13333131 (base 6) to base 7
-3543415
Convert 721013 (base 8) to base 13.
844a9
Convert -10011011101010001110001 (base 2) to base 13.
-1097853
1212320 (base 6) to base 14
194b6
-35517624 (base 8) to base 15
-a38685
What is 95581 (base 10) in base 6?
2014301
Convert -458a92 (base 13) to base 10.
-1647362
2346550 (base 10) to base 5
1100042200
What is -21022101210100 (base 3) in base 11?
-2214198
Convert -22220120001 (base 3) to base 15.
-36e61
Convert 40b78 (base 12) to base 8.
245214
-65265034 (base 8) to base 9
-28276568
-14c6a (base 14) to base 16
-ca7e
Convert 1575064 (base 12) to base 9.
8221654
What is 2db62 (base 16) in base 11?
118743
What is 1397b (base 13) in base 4?
20332213
What is 651162 (base 7) in base 5?
12111113
Convert 1d70c9 (base 14) to base 16.
101f69
-5510656 (base 7) to base 11
-421171
15024 (base 9) to base 11
7759
-220652 (base 8) to base 3
-10202201110
Convert -45b6 (base 16) to base 6.
-214342
Convert -3a3c7 (base 14) to base 15.
-2c786
What is -35603141 (base 8) in base 5?
-3444103132
Convert 2853427 (base 10) to base 6.
141054151
Convert -d4404a (base 14) to base 12.
-2491542
What is -1848837 (base 9) in base 7?
-11545063
What is 10a253 (base 11) in base 15?
36b41
Convert -4965a (base 11) to base 4.
-101122212
Convert 210122202 (base 5) to base 3.
1121220020221
11333233112 (base 4) to base 7
16234334
Convert -77415 (base 9) to base 16.
-c8a8
Convert -34412525 (base 6) to base 2.
-100000010101010000101
What is -2302100 (base 5) in base 11?
-28802
What is 635450 (base 11) in base 2?
11111000011001001111
Convert -856420 (base 10) to base 6.
-30204524
Convert -3cc8c (base 14) to base 7.
-1165135
Convert 1a90a (base 12) to base 4.
21212122
Convert 110011001111110100011 (base 2) to base 14.
319d99
What is 3360950 (base 11) in base 3?
102002002012121
What is a762 (base 16) in base 4?
22131202
Convert 15073 (base 8) to base 16.
1a3b
-1123023241 (base 5) to base 2
-1001101110001101011011
What is 1221004 (base 5) in base 12?
1155a
What is -122032123220 (base 4) in base 12?
-2376608
What is 132311011 (base 4) in base 3?
20102012221
-15dba (base 14) to base 6
-1101532
Convert -2312200300 (base 4) to base 7.
-6232333
What is -1c17e (base 16) in base 12?
-56712
Convert 103665 (base 8) to base 13.
12a75
Convert 21000243 (base 6) to base 5.
123403002
Convert -4453300 (base 6) to base 16.
-36ec4
Convert -a86014 (base 13) to base 5.
-2003021432
-1b893 (base 16) to base 9
-181638
What is 201050201 (base 6) in base 4?
31001013121
-1101010000101011 (base 2) to base 12
-27523
Convert 32563226 (base 7) to base 8.
12547413
-451131111 (base 6) to base 12
-28a3a97
-422401340 (base 5) to base 7
-20661061
14768 (base 9) to base 7
41315
-19b5 (base 15) to base 8
-12702
2e2d9